{"id":3442,"date":"2021-12-25T23:17:31","date_gmt":"2021-12-26T04:17:31","guid":{"rendered":"https:\/\/mwautomotriz.com\/?page_id=3442"},"modified":"2021-12-25T23:28:32","modified_gmt":"2021-12-26T04:28:32","slug":"diagnostico-computarizado","status":"publish","type":"page","link":"https:\/\/mwautomotriz.com\/index.php\/diagnostico-computarizado\/","title":{"rendered":"Diagnostico Computarizado"},"content":{"rendered":"\t\t<div data-elementor-type=\"wp-page\" data-elementor-id=\"3442\" class=\"elementor elementor-3442\">\n\t\t\t\t\t\t\t\t\t<section class=\"elementor-section elementor-top-section elementor-element elementor-element-43d0398 elementor-section-full_width elementor-section-height-default elementor-section-height-default\" data-id=\"43d0398\" data-element_type=\"section\" data-settings=\"{&quot;background_background&quot;:&quot;classic&quot;}\">\n\t\t\t\t\t\t\t<div class=\"elementor-background-overlay\"><\/div>\n\t\t\t\t\t\t\t<div class=\"elementor-container elementor-column-gap-no\">\n\t\t\t\t\t<div class=\"elementor-column elementor-col-100 elementor-top-column elementor-element elementor-element-0ee95b9\" data-id=\"0ee95b9\" data-element_type=\"column\">\n\t\t\t<div class=\"elementor-widget-wrap elementor-element-populated\">\n\t\t\t\t\t\t\t\t<div class=\"elementor-element elementor-element-54b2e3b elementor-widget elementor-widget-heading\" data-id=\"54b2e3b\" data-element_type=\"widget\" data-widget_type=\"heading.default\">\n\t\t\t\t<div class=\"elementor-widget-container\">\n\t\t\t<style>\/*! elementor - v3.7.4 - 31-08-2022 *\/\n.elementor-heading-title{padding:0;margin:0;line-height:1}.elementor-widget-heading .elementor-heading-title[class*=elementor-size-]>a{color:inherit;font-size:inherit;line-height:inherit}.elementor-widget-heading .elementor-heading-title.elementor-size-small{font-size:15px}.elementor-widget-heading .elementor-heading-title.elementor-size-medium{font-size:19px}.elementor-widget-heading .elementor-heading-title.elementor-size-large{font-size:29px}.elementor-widget-heading .elementor-heading-title.elementor-size-xl{font-size:39px}.elementor-widget-heading .elementor-heading-title.elementor-size-xxl{font-size:59px}<\/style><h2 class=\"elementor-heading-title elementor-size-default\">Diagnostico Computarizado Multimarca<\/h2>\t\t<\/div>\n\t\t\t\t<\/div>\n\t\t\t\t\t<\/div>\n\t\t<\/div>\n\t\t\t\t\t\t\t<\/div>\n\t\t<\/section>\n\t\t\t\t<section class=\"elementor-section elementor-top-section elementor-element elementor-element-355e3bd elementor-section-boxed elementor-section-height-default elementor-section-height-default\" data-id=\"355e3bd\" data-element_type=\"section\">\n\t\t\t\t\t\t<div class=\"elementor-container elementor-column-gap-default\">\n\t\t\t\t\t<div class=\"elementor-column elementor-col-100 elementor-top-column elementor-element elementor-element-4e246a8\" data-id=\"4e246a8\" data-element_type=\"column\">\n\t\t\t<div class=\"elementor-widget-wrap elementor-element-populated\">\n\t\t\t\t\t\t\t\t<section class=\"elementor-section elementor-inner-section elementor-element elementor-element-194e94e elementor-section-boxed elementor-section-height-default elementor-section-height-default\" data-id=\"194e94e\" data-element_type=\"section\">\n\t\t\t\t\t\t<div class=\"elementor-container elementor-column-gap-default\">\n\t\t\t\t\t<div class=\"elementor-column elementor-col-50 elementor-inner-column elementor-element elementor-element-7716b09\" data-id=\"7716b09\" data-element_type=\"column\">\n\t\t\t<div class=\"elementor-widget-wrap elementor-element-populated\">\n\t\t\t\t\t\t\t\t<div class=\"elementor-element elementor-element-7b6d76a elementor-widget elementor-widget-text-editor\" data-id=\"7b6d76a\" data-element_type=\"widget\" data-widget_type=\"text-editor.default\">\n\t\t\t\t<div class=\"elementor-widget-container\">\n\t\t\t<style>\/*! elementor - v3.7.4 - 31-08-2022 *\/\n.elementor-widget-text-editor.elementor-drop-cap-view-stacked .elementor-drop-cap{background-color:#818a91;color:#fff}.elementor-widget-text-editor.elementor-drop-cap-view-framed .elementor-drop-cap{color:#818a91;border:3px solid;background-color:transparent}.elementor-widget-text-editor:not(.elementor-drop-cap-view-default) .elementor-drop-cap{margin-top:8px}.elementor-widget-text-editor:not(.elementor-drop-cap-view-default) .elementor-drop-cap-letter{width:1em;height:1em}.elementor-widget-text-editor .elementor-drop-cap{float:left;text-align:center;line-height:1;font-size:50px}.elementor-widget-text-editor .elementor-drop-cap-letter{display:inline-block}<\/style>\t\t\t\t<p><strong>Nuestro Diagnostico<\/strong> va desde marcas muy prestigiosas as\u00a1 como marcas comerciales, los veh\u00edculos requieren de mec\u00e1nicos id\u00f3neos e instrumentos de diagn\u00f3stico sofisticados.<\/p><p>Disponemos de personales capacitados en el uso de instrumentos computarizados como:<\/p><ul><li>Scanner de motor<\/li><li>Analizador de gases<\/li><li>Limpieza de inyectores<\/li><\/ul><p><strong>No te quedes sin chequear tu auto.<\/strong><\/p><p>Cubrimos marcas americanas, europeas, asi\u00e1ticas y chinas.<\/p><ul><li>Verificaci\u00f3n de luz Check Engine.<\/li><li>Diagn\u00f3sticos de fallas del auto.<\/li><li>Se borran c\u00f3digos de error de la ECU.<\/li><li>Cambio de sensores<\/li><\/ul>\t\t\t\t\t\t<\/div>\n\t\t\t\t<\/div>\n\t\t\t\t\t<\/div>\n\t\t<\/div>\n\t\t\t\t<div class=\"elementor-column elementor-col-50 elementor-inner-column elementor-element elementor-element-676ea41\" data-id=\"676ea41\" data-element_type=\"column\">\n\t\t\t<div class=\"elementor-widget-wrap elementor-element-populated\">\n\t\t\t\t\t\t\t\t<div class=\"elementor-element elementor-element-daf69bf elementor-widget elementor-widget-image\" data-id=\"daf69bf\" data-element_type=\"widget\" data-widget_type=\"image.default\">\n\t\t\t\t<div class=\"elementor-widget-container\">\n\t\t\t<style>\/*! elementor - v3.7.4 - 31-08-2022 *\/\n.elementor-widget-image{text-align:center}.elementor-widget-image a{display:inline-block}.elementor-widget-image a img[src$=\".svg\"]{width:48px}.elementor-widget-image img{vertical-align:middle;display:inline-block}<\/style>\t\t\t\t\t\t\t\t\t\t\t\t<img loading=\"lazy\" decoding=\"async\" width=\"1024\" height=\"640\" src=\"https:\/\/mwautomotriz.com\/wp-content\/uploads\/2021\/12\/diagnostico-1024x640.jpg\" class=\"attachment-large size-large\" alt=\"\" srcset=\"https:\/\/mwautomotriz.com\/wp-content\/uploads\/2021\/12\/diagnostico-1024x640.jpg 1024w, https:\/\/mwautomotriz.com\/wp-content\/uploads\/2021\/12\/diagnostico-300x188.jpg 300w, https:\/\/mwautomotriz.com\/wp-content\/uploads\/2021\/12\/diagnostico-768x480.jpg 768w, https:\/\/mwautomotriz.com\/wp-content\/uploads\/2021\/12\/diagnostico-600x375.jpg 600w, https:\/\/mwautomotriz.com\/wp-content\/uploads\/2021\/12\/diagnostico.jpg 1280w\" sizes=\"auto, (max-width: 1024px) 100vw, 1024px\" \/>\t\t\t\t\t\t\t\t\t\t\t\t\t\t\t<\/div>\n\t\t\t\t<\/div>\n\t\t\t\t\t<\/div>\n\t\t<\/div>\n\t\t\t\t\t\t\t<\/div>\n\t\t<\/section>\n\t\t\t\t\t<\/div>\n\t\t<\/div>\n\t\t\t\t\t\t\t<\/div>\n\t\t<\/section>\n\t\t\t\t\t\t\t<\/div>\n\t\t","protected":false},"excerpt":{"rendered":"<p>Diagnostico Computarizado Multimarca Nuestro Diagnostico va desde marcas muy prestigiosas as\u00a1 como marcas comerciales, los veh\u00edculos requieren de mec\u00e1nicos id\u00f3neos e instrumentos de diagn\u00f3stico sofisticados. Disponemos de personales capacitados en el uso de instrumentos computarizados como: Scanner de motor Analizador de gases Limpieza de inyectores No te quedes sin chequear tu auto. Cubrimos marcas americanas, &hellip;<\/p>\n<p class=\"read-more\"> <a class=\"\" href=\"https:\/\/mwautomotriz.com\/index.php\/diagnostico-computarizado\/\"> <span class=\"screen-reader-text\">Diagnostico Computarizado<\/span> Read More &raquo;<\/a><\/p>\n","protected":false},"author":1,"featured_media":0,"parent":0,"menu_order":0,"comment_status":"closed","ping_status":"closed","template":"","meta":{"site-sidebar-layout":"no-sidebar","site-content-layout":"page-builder","ast-main-header-display":"","ast-hfb-above-header-display":"","ast-hfb-below-header-display":"","ast-hfb-mobile-header-display":"","site-post-title":"disabled","ast-breadcrumbs-content":"","ast-featured-img":"disabled","footer-sml-layout":"","theme-transparent-header-meta":"","adv-header-id-meta":"","stick-header-meta":"","header-above-stick-meta":"","header-main-stick-meta":"","header-below-stick-meta":"","footnotes":""},"class_list":["post-3442","page","type-page","status-publish","hentry"],"_links":{"self":[{"href":"https:\/\/mwautomotriz.com\/index.php\/wp-json\/wp\/v2\/pages\/3442","targetHints":{"allow":["GET"]}}],"collection":[{"href":"https:\/\/mwautomotriz.com\/index.php\/wp-json\/wp\/v2\/pages"}],"about":[{"href":"https:\/\/mwautomotriz.com\/index.php\/wp-json\/wp\/v2\/types\/page"}],"author":[{"embeddable":true,"href":"https:\/\/mwautomotriz.com\/index.php\/wp-json\/wp\/v2\/users\/1"}],"replies":[{"embeddable":true,"href":"https:\/\/mwautomotriz.com\/index.php\/wp-json\/wp\/v2\/comments?post=3442"}],"version-history":[{"count":19,"href":"https:\/\/mwautomotriz.com\/index.php\/wp-json\/wp\/v2\/pages\/3442\/revisions"}],"predecessor-version":[{"id":3463,"href":"https:\/\/mwautomotriz.com\/index.php\/wp-json\/wp\/v2\/pages\/3442\/revisions\/3463"}],"wp:attachment":[{"href":"https:\/\/mwautomotriz.com\/index.php\/wp-json\/wp\/v2\/media?parent=3442"}],"curies":[{"name":"wp","href":"https:\/\/api.w.org\/{rel}","templated":true}]}}